 (11 - (21 - 6)))) + 107
97
Calculate (4 - -4 - 24) + 213 + -239.
-42
What is 69 + -40 + -47 - -63?
45
Evaluate (-64 - 20) + (131 - 38).
9
What is (-10 + -3 - -7) + -2 + 55 + (-5 - -5)?
47
(-9 - (-53 - -48)) + 38
34
Calculate -472 + 336 + -15 - (1 + -27).
-125
46 + (-47 + -54 - -14)
-41
Evaluate -1 - (6 - 2) - (4 + 2) - (2 + -35).
22
Calculate 27 + (153 + -173 - (5 + -17)).
19
Evaluate -29 + (20 + -66 - -112).
37
Evaluate (-20 - (-25 - (-14 - -32))) + -36.
-13
Calculate -44 - (24 + -40 + -4).
-24
What is the value of (12 - (40 - 19)) + (1 - 5) - -49?
36
(19 + (55 - 83) - (-2 - 81)) + 16
90
What is 313 + -307 + 7 + 2 + 33?
48
Evaluate -3568 + 3572 + (1 - -1) + 0 - -28.
34
What is the value of -102 - (-262 - (-209 - -136))?
87
(-3 - -3 - -20) + (-104 - -39 - -69)
24
What is (-7 - -9) + (-2 + -1 - -9) + -5 - 59?
-56
(-1 - 4 - 4) + 70 + -32
29
Calculate (-6 - ((-24 + 1 - (-34 + 25)) + -9)) + 3.
20
What is the value of -22 + 4 + 606 + -542?
46
What is 107 - (41 + -22 + (-1 - 0) + -9)?
98
11 - (-2 + (-3 - 31) + (-102 - -114))
35
-25 + (11 - -14) + -12 + -45
-57
-75 - 3 - (-144 - (-17 - 104))
-55
-177 + 101 - -31 - -20
-25
(-7 + 55 - 39) + 28 + -5
32
-5 + (3 - 2) + (20 - 7) + 4 - -10
23
What is 41 + -50 + -13 + -3 + 1 + -6?
-30
Calculate (0 - 1) + (15 - (-34 + 74)) + 20.
-6
What is 12 + (-192 - -200) + (-1 - 41)?
-22
What is -36 + -14 - 16 - 1?
-67
21 - ((-2 - 0) + ((31 - 15) + -25 - 1))
33
11 - (-172 + 194 + 27 + 0)
-38
76 + -107 + -40 - -43
-28
Evaluate 80 + -42 + -4 + -18 + -102.
-86
(-467 - -285) + (89 - 29)
-122
What is the value of (39 - 6) + -47 + 23 - (55 + 1)?
-47
Calculate 18 + -17 + -10 - (18 + (2 + 2 - 6)).
-25
What is the value of (-225 + 191 - (-10 - 1)) + (1 + -3 - -10)?
-15
Calculate 45 + (34 - 38) + -21.
20
What is the value of -62 + -58 + 58 + 1 + 18?
-43
Calculate -49 + (54 + -31 + 15 - 33).
-44
(-35 - -38 - -9) + 2
14
What is the value of 1 + -3 + -6 + (20 - 5) - 6?
1
Calculate -17 + -6 + 18 - (2 + 47 + 1).
-55
What is 29 + -132 + (-30 - -94)?
-39
What is (-43 + 51 - -40) + -54?
-6
Evaluate 10 + -14 - (-30 + 11 + 11).
4
Evaluate -29 + (-14 - (4 - -15 - 32)).
-30
What is 12 - (9 - (20 - (25 - 3 - 11)))?
12
What is the value of -361 + 366 + (-35 - -3) + 7?
-20
Calculate (24 - 19) + 2 + 1 - (82 + -109).
35
17 + -17 + -8 + -8 + 14 + -97
-99
Calculate -1778 + 1760 + (4 - 3).
-17
Calculate -17 - (-5 - -65) - (-165 + 146).
-58
(9 - (-27 + 6)) + -7 + 1 + -4
20
-39 - (1 + -3 - (-22 + 41 + (-37 - -18)))
-37
What is -13 + (-15 - (-31 + 4)) + (-4 - -40 - 3)?
32
What is the value of -78 + 58 + -29 - 29?
-78
What is the value of -1 + 10 + -2 - (36 + -20 - 20) - -50?
61
Calculate 37 + -43 + -47 - -72.
19
What is the value of (-164 - -163) + 57 + -121?
-65
Calculate 14 - (52 - 2 - (-20 - (-73 - -38))).
-21
What is the value of 11 - ((1 - 9) + 6 + -3)?
16
Calculate (34 - -2) + 21 + (6 - 16 - (-5 - -1)).
51
Calculate -334 + 475 - 150 - (-1 + -2 + 3 - -17).
-26
(8 - 22) + -110 + (-24 - -161)
13
51 + (74 - 107) - (-2 + -2) - 5
17
What is the value of -6 + 58 - (-25 + 46)?
31
Calculate -9 - (5 - ((29 - 20) + -3)).
-8
What is -4 + (-11 - -39) + 11 - (-24 - -25)?
34
Calculate -40 + -45 + 101 + -1 + 74.
89
-1 - (-10 + -6) - (17 + -18)
16
What is the value of (16 - -27) + (-11 + -7 - 10)?
15
Evaluate -20 + -1 + (203 - 186).
-4
Evaluate (-32 + 18 - -32) + 12.
30
Evaluate (82 + -41 - 16) + -2 + -10.
13
92 - 48 - (26 - -12)
6
-142 - -233 - (-9 + 25 - (0 + -1))
74
5 + 14 + -2 + 78 + -39
56
92 + -6 - -4 - (-8 + 11 + -7 - -1)
93
Calculate (124 - 42 - 28) + -95.
-41
(75 - 6) + -82 + 44
31
(30 - (0 + 7)) + (10 - (12 - (-7 + 3)))
17
What is -165 - (-143 - (-74 + -22))?
-118
What is the value of 15 - -24 - -7 - 11?
35
-20 - (-14 + (18 - 22) + 25)
-27
-17 + 23 + 6 - (-21 - 0)
33
Calculate (15 + -12 - -3) + -4 + (3 - 26).
-21
-22 + 543 + -536 + 0 + 1
-14
Evaluate (-66 + 30 - -10) + 86 + 38.
98
What is the value of -50 + (-12 - -2) - (-32 + 14)?
-42
What is 3 - (20 + -71 - -23)?
31
3 + -3 + 10 - (-1 - -5 - (-416 + 416))
6
What is -239 + 235 - (-27 - 1) - 2?
22
What is -57 + (-1 - -14) + -422 + 462?
-4
Calculate 31 + -12 + -6 - (-2 - (-3 + -42)).
-30
-5 - (111 - 105 - (1 + 4 + 37))
31
What is -3 + -2 - (-1 + 0 + -14 + 28 + -64)?
46
0 + 145 + -155 + 85
75
Calculate (-17 - 8) + 20 - (47 - 27).
-25
What is 1 + 13 - (-51 - (-14 + -37))?
14
Evaluate (-2 - 25 - (65 + -77)) + (-4 - -3) + 4.
-12
What is (11721 - 11704) + (24 - (-1 + 2) - 1)?
39
What is 5 + -29 - (27 - (-6 + 15))?
-42
Evaluate (54 + -23 + -9 - (-6 - (0 + 2))) + 5.
35
What is -78 + (3 - (12 - 15)) + (13 - 5) + -22?
-86
Evaluate -14 - (-21 + 7 - 49) - (16 - 2).
35
Evaluate (-1 - 1) + (20 + -19 + 9 - 42).
-34
What is 15 - (140 + -82 - 61)?
18
13041 + -13051 - (0 - (39 - 3))
26
Evaluate 5 + (-71 - 0 - (20 - -3 - (-197 + 206))).
-80
Calculate -45 + 7 - (17 - (20 - -2 - 15)).
-48
What is the value of (-2 - 2 - 44) + -452 + 543?
43
What is the value of 104 + (64 - (55 + 66))?
47
What is the value of 28 - (3 + -7) - (7 + 86 + -75)?
14
Calculate -4 - ((-56 - -59) + -11).
4
What is the value of (2 - -1) + 13 + 8 + -107 + 5 + -17?
-95
Evaluate (-91 - 68 - -93) + 86.
20
What is the value of -61 + ((-19 - -13) + 16 - -11)?
-40
Evaluate -18 + (22 - 3) + -7 + 2.
-4
Evaluate 169 + -170 - (1 - -1) - (-6 + -35).
38
Calculate -17 + -5 + 127 + -72 + -2 + (11 - 2).
40
Evaluate (-1 + 0 - (88 + -93)) + 14 + -71.
-53
Calculate 115 - (107 + (-81 - -133)).
-44
What is (3 - 24) + 44 + -32 + -31?
-40
What is the value of 32 - 0 - (-115 + 214 - 36)?
-31
What is the value of -1 + 38 + 44 + -36?
45
(409 - 387) + (-1 - -3)
24
Evaluate -29 + (553 - 585) + (1 - -41).
-19
What is the value of (-17 - 1) + (-76 - -112) + 2 + -8?
12
What is the value of -153 + 239 + -34 + -95?
-43
418 + -436 + (1 - 27)
-44
Evaluate -180 + 30 - -143 - (-2 + (41 - -1)).
-47
What is the value of 24 - (18 + (-64 + 67 - (1 + 15)))?
19
-17 + 6 + 26 - 16 - -12 - (-4 + -1)
16
Evaluate (14 - (17 + -7 + (-2 - (7 + -11)))) + 95.
97
Evaluate 46 + -78 + 45 + 30.
43
Evaluate (-1485 - -1498) + 2 + -43.
-28
(44 - (-17 + 4)) + (-10 - 1) + 50 + -40
56
Calculate (115 - 25) + -44 + (-75 - 2).
-31
What is the value of 52 + -73 + 118 + -17 + -11?
69
What is (5 - 20 - (10 - 8)) + -247 + 152?
-112
What is the value of (-40 - -68 - -65) + -80?
13
Calculate 25 + (-45 - -24) + 1 + 12 + -50.
-33
Evaluate (-7 - 18) + (-7 - -3) + -23 + 25.
-27
What is the value of (12 - -12) + (-18 - (0 + -2)) + -108?
-100
What is the value of -1 - 29 - 1 - (41173 - 41197)?
-7
Evaluate (-55 - -59) + (0 - 14) + 78 + -13.
55
Calculate (-2 - (3 + -10 + -4)) + (-2 + 3 - 6).
4
Evaluate 41 + -147 + 19 - ((8 - 1) + (-1 - 20)).
-73
What is 0 + (-50 - -33 - -11) + -135 + 4?
-137
60 + (-2 - 35) + 2 + 7
32
What is the value of -2 + -65 + 2841 + -2775?
-1
Evaluate -145 - (-115 - -44 - -7).
-81
Calculate 39 + (-6 + 25 - (8 + -1)) + -2 + -14.
35
What is -12 + 86 + -64 + 68?
78
62 + (42 - 26 - (6 + 15 + -7))
64
Calculate (-2 - (-11 + 6)) + (-89 - -17 - -3).
-66
Evaluate -684 - -748 - (-2 - -42).
24
Calculate 117 + -127 - (21 - (0 - -1) - 3) - 1.
-28
Evaluate 7 + 1 + -18 - -30 - -18.
38
Evaluate -431 + 649 + -315 + (-1 - (-2 + 0)) + 12.
-84
What is (3 - 1) + (0 - (-1 + 14)) - (-19232 - -19190)?
31
What is -2 + (44 - ((20 - 46) + 29 + (-3 - -1)))?
41
0 + -8 - (-4 - -7 - (-3 - (-13 - 9)))
8
What is the value of (-80 - (15 + -88)) + 62?
55
What is -67 + (-39 - -17 - -32) + 19?
-38
What is (-1 + -36 - (2145 + -2139)) + 14?
-29
Calculate 30 - -2 - ((42 - (9 + 1)) + -18).
18
Evaluate 24 + 0 + 1 + (9 - 22) - 4.
8
1 + (-19 - 2) + 377 + -299
58
What is the value of 36 + -17 + (0 - (9 + -11))?
21
Evaluate -3 + 1 + (56 - (-82 - -116) - (-2 + 17)).
5
What is 65 + -12 + (1 - 104)?
-50
-49 + 0 - (-1175 + 1155)
-29
Calculate 0 - -4 - (2 + 0 + (-103 - -5 - -121)).
-21
Evaluate 72 - (60 + -13 - -19).
6
-260 + -6 - -217 - (-1 - 158)
110
12 + (-38 - -21 - 40)
-45
Calculate (30 - 24) + -31 - -14.
-11
What is the value of -8 - ((-2 - 21) + 0 - (-121 + (-19 - -132)))?
7
Evaluate 25 - (-33 + 30 - -38).
-10
Evaluate (-8 - (-31 + -16 + (11 - 6))) + 1 + 1.
36
Evaluate (-30 - -39 - (23 + -1)) + -21 + 139 + -14.
91
What is the value of -2 + 15 + (-113 + 1 - (33 - (61 + -22)))?
-93
What is 0 + (-6 - (-3 + -1)) + (94 - 65) + 95?
122
What is the value 